{"id":44,"date":"2024-04-22T17:05:28","date_gmt":"2024-04-22T20:05:28","guid":{"rendered":"https:\/\/gzs07.zappacorp.com\/?page_id=44"},"modified":"2024-04-29T09:35:45","modified_gmt":"2024-04-29T12:35:45","slug":"galeria-cassio","status":"publish","type":"page","link":"https:\/\/gzs07.zappacorp.com\/index.php\/galeria-cassio\/","title":{"rendered":"Galeria C\u00e1ssio"},"content":{"rendered":"\n<h2 class=\"wp-block-heading\">Galeria C\u00e1ssio<\/h2>\n\n\n\n<h2 class=\"wp-block-heading has-text-align-center\">Algumas fotos do grande goleiro C\u00e1ssio<\/h2>\n\n\n\n<div class=\"wp-block-columns has-ast-global-color-5-color has-text-color has-link-color has-large-font-size wp-elements-eec67b79de6b6cde21cb19951eccaa06 is-layout-flex wp-container-core-columns-layout-1 wp-block-columns-is-layout-flex\">\n<div class=\"wp-block-column is-layout-flow wp-block-column-is-layout-flow\" style=\"flex-basis:100%\">\n<figure class=\"wp-block-gallery has-nested-images columns-default is-cropped wp-block-gallery-1 is-layout-flex wp-block-gallery-is-layout-flex\">\n<figure class=\"wp-block-image size-large\"><img loading=\"lazy\" decoding=\"async\" width=\"729\" height=\"486\" src=\"https:\/\/gzs07.zappacorp.com\/wp-content\/uploads\/2024\/04\/befunky-design-8-729x486-1.jpg\" alt=\"\" class=\"wp-image-34\" srcset=\"https:\/\/gzs07.zappacorp.com\/wp-content\/uploads\/2024\/04\/befunky-design-8-729x486-1.jpg 729w, https:\/\/gzs07.zappacorp.com\/wp-content\/uploads\/2024\/04\/befunky-design-8-729x486-1-300x200.jpg 300w\" sizes=\"(max-width: 729px) 100vw, 729px\" \/><figcaption class=\"wp-element-caption\">Cassio olhando pro lado<\/figcaption><\/figure>\n\n\n\n<figure class=\"wp-block-image size-large\"><img loading=\"lazy\" decoding=\"async\" width=\"576\" height=\"1024\" src=\"https:\/\/gzs07.zappacorp.com\/wp-content\/uploads\/2024\/04\/014d8a0383f961591daa148940aa73a8-576x1024.jpg\" alt=\"\" class=\"wp-image-46\" srcset=\"https:\/\/gzs07.zappacorp.com\/wp-content\/uploads\/2024\/04\/014d8a0383f961591daa148940aa73a8-576x1024.jpg 576w, https:\/\/gzs07.zappacorp.com\/wp-content\/uploads\/2024\/04\/014d8a0383f961591daa148940aa73a8-169x300.jpg 169w, https:\/\/gzs07.zappacorp.com\/wp-content\/uploads\/2024\/04\/014d8a0383f961591daa148940aa73a8.jpg 736w\" sizes=\"(max-width: 576px) 100vw, 576px\" \/><figcaption class=\"wp-element-caption\">Cassio beijando o trof\u00e9u <\/figcaption><\/figure>\n\n\n\n<figure class=\"wp-block-image size-large\"><img loading=\"lazy\" decoding=\"async\" width=\"638\" height=\"960\" src=\"https:\/\/gzs07.zappacorp.com\/wp-content\/uploads\/2024\/04\/5a9670bdc933a0caaa10903313e8ed4f.jpg\" alt=\"\" class=\"wp-image-47\" srcset=\"https:\/\/gzs07.zappacorp.com\/wp-content\/uploads\/2024\/04\/5a9670bdc933a0caaa10903313e8ed4f.jpg 638w, https:\/\/gzs07.zappacorp.com\/wp-content\/uploads\/2024\/04\/5a9670bdc933a0caaa10903313e8ed4f-199x300.jpg 199w\" sizes=\"(max-width: 638px) 100vw, 638px\" \/><figcaption class=\"wp-element-caption\">Cassio cinza<\/figcaption><\/figure>\n\n\n\n<figure class=\"wp-block-image size-large\"><img loading=\"lazy\" decoding=\"async\" width=\"846\" height=\"548\" src=\"https:\/\/gzs07.zappacorp.com\/wp-content\/uploads\/2024\/04\/5e2210264e1ff.webp\" alt=\"\" class=\"wp-image-48\" srcset=\"https:\/\/gzs07.zappacorp.com\/wp-content\/uploads\/2024\/04\/5e2210264e1ff.webp 846w, https:\/\/gzs07.zappacorp.com\/wp-content\/uploads\/2024\/04\/5e2210264e1ff-300x194.webp 300w, https:\/\/gzs07.zappacorp.com\/wp-content\/uploads\/2024\/04\/5e2210264e1ff-768x497.webp 768w\" sizes=\"(max-width: 846px) 100vw, 846px\" \/><figcaption class=\"wp-element-caption\">Cassio jogando queimada<\/figcaption><\/figure>\n\n\n\n<figure class=\"wp-block-image size-large\"><img loading=\"lazy\" decoding=\"async\" width=\"474\" height=\"306\" src=\"https:\/\/gzs07.zappacorp.com\/wp-content\/uploads\/2024\/04\/OIP-1.jpg\" alt=\"\" class=\"wp-image-49\" srcset=\"https:\/\/gzs07.zappacorp.com\/wp-content\/uploads\/2024\/04\/OIP-1.jpg 474w, https:\/\/gzs07.zappacorp.com\/wp-content\/uploads\/2024\/04\/OIP-1-300x194.jpg 300w\" sizes=\"(max-width: 474px) 100vw, 474px\" \/><figcaption class=\"wp-element-caption\">Cassio agradecendo a Deus<\/figcaption><\/figure>\n\n\n\n<figure class=\"wp-block-image size-large\"><img loading=\"lazy\" decoding=\"async\" width=\"474\" height=\"316\" src=\"https:\/\/gzs07.zappacorp.com\/wp-content\/uploads\/2024\/04\/OIP.jpg\" alt=\"\" class=\"wp-image-50\" srcset=\"https:\/\/gzs07.zappacorp.com\/wp-content\/uploads\/2024\/04\/OIP.jpg 474w, https:\/\/gzs07.zappacorp.com\/wp-content\/uploads\/2024\/04\/OIP-300x200.jpg 300w\" sizes=\"(max-width: 474px) 100vw, 474px\" \/><figcaption class=\"wp-element-caption\">Cassio cumprimentando a bola<\/figcaption><\/figure>\n\n\n\n<figure class=\"wp-block-image size-large\"><img loading=\"lazy\" decoding=\"async\" width=\"614\" height=\"921\" src=\"https:\/\/gzs07.zappacorp.com\/wp-content\/uploads\/2024\/04\/cassio_em_foto_3x4_com_a_camisa_principal_para_p.jpg\" alt=\"\" class=\"wp-image-51\" srcset=\"https:\/\/gzs07.zappacorp.com\/wp-content\/uploads\/2024\/04\/cassio_em_foto_3x4_com_a_camisa_principal_para_p.jpg 614w, https:\/\/gzs07.zappacorp.com\/wp-content\/uploads\/2024\/04\/cassio_em_foto_3x4_com_a_camisa_principal_para_p-200x300.jpg 200w\" sizes=\"(max-width: 614px) 100vw, 614px\" \/><figcaption class=\"wp-element-caption\">Cassio foto 3&#215;4<\/figcaption><\/figure>\n\n\n\n<figure class=\"wp-block-image size-large\"><img loading=\"lazy\" decoding=\"async\" width=\"282\" height=\"184\" src=\"https:\/\/gzs07.zappacorp.com\/wp-content\/uploads\/2024\/04\/cassio_com_a_camisa_da_selecao_brasileira_no_hb.jpg\" alt=\"\" class=\"wp-image-45\"\/><figcaption class=\"wp-element-caption\">Ka\u00e7yo paumeren\u00e7e<\/figcaption><\/figure>\n\n\n\n<figure class=\"wp-block-image size-large\"><img loading=\"lazy\" decoding=\"async\" width=\"1024\" height=\"576\" src=\"https:\/\/gzs07.zappacorp.com\/wp-content\/uploads\/2024\/04\/R-1024x576.jpg\" alt=\"\" class=\"wp-image-52\" srcset=\"https:\/\/gzs07.zappacorp.com\/wp-content\/uploads\/2024\/04\/R-1024x576.jpg 1024w, https:\/\/gzs07.zappacorp.com\/wp-content\/uploads\/2024\/04\/R-300x169.jpg 300w, https:\/\/gzs07.zappacorp.com\/wp-content\/uploads\/2024\/04\/R-768x432.jpg 768w, https:\/\/gzs07.zappacorp.com\/wp-content\/uploads\/2024\/04\/R.jpg 1300w\" sizes=\"(max-width: 1024px) 100vw, 1024px\" \/><figcaption class=\"wp-element-caption\">Cassio modo s\u00e9rio<\/figcaption><\/figure>\n<\/figure>\n<\/div>\n<\/div>\n\n\n\n<div class=\"wp-block-contact-form-7-contact-form-selector\">\n<div class=\"wpcf7 no-js\" id=\"wpcf7-f67-o1\" lang=\"pt-BR\" dir=\"ltr\">\n<div class=\"screen-reader-response\"><p role=\"status\" aria-live=\"polite\" aria-atomic=\"true\"><\/p> <ul><\/ul><\/div>\n<form action=\"\/index.php\/wp-json\/wp\/v2\/pages\/44#wpcf7-f67-o1\" method=\"post\" class=\"wpcf7-form init\" aria-label=\"Formul\u00e1rios de contato\" enctype=\"multipart\/form-data\" novalidate=\"novalidate\" data-status=\"init\">\n<div style=\"display: none;\">\n<input type=\"hidden\" name=\"_wpcf7\" value=\"67\" \/>\n<input type=\"hidden\" name=\"_wpcf7_version\" value=\"5.9.3\" \/>\n<input type=\"hidden\" name=\"_wpcf7_locale\" value=\"pt_BR\" \/>\n<input type=\"hidden\" name=\"_wpcf7_unit_tag\" value=\"wpcf7-f67-o1\" \/>\n<input type=\"hidden\" name=\"_wpcf7_container_post\" value=\"0\" \/>\n<input type=\"hidden\" name=\"_wpcf7_posted_data_hash\" value=\"\" \/>\n<\/div>\n<p><label> Nos envie sua imagem do C\u00e1ssio<br \/>\n<span class=\"wpcf7-form-control-wrap\" data-name=\"cassioimg\"><input size=\"40\" class=\"wpcf7-form-control wpcf7-file wpcf7-validates-as-required\" accept=\"audio\/*,video\/*,image\/*\" aria-required=\"true\" aria-invalid=\"false\" type=\"file\" name=\"cassioimg\" \/><\/span> <\/label><br \/>\n<span class=\"wpcf7-form-control-wrap\" data-name=\"cassiolegend\"><input size=\"40\" class=\"wpcf7-form-control wpcf7-text wpcf7-validates-as-required\" aria-required=\"true\" aria-invalid=\"false\" value=\"Sugira uma legenda para sua imagem\" type=\"text\" name=\"cassiolegend\" \/><\/span><br \/>\n<input class=\"wpcf7-form-control wpcf7-submit has-spinner\" type=\"submit\" value=\"Enviar\" \/>\n<\/p><div class=\"wpcf7-response-output\" aria-hidden=\"true\"><\/div>\n<\/form>\n<\/div>\n<\/div>\n\n\n\t<div id=\"respond\" class=\"comment-respond wp-block-post-comments-form\">\n\t\t<h3 id=\"reply-title\" class=\"comment-reply-title\">Deixe um coment\u00e1rio <small><a rel=\"nofollow\" id=\"cancel-comment-reply-link\" href=\"\/index.php\/wp-json\/wp\/v2\/pages\/44#respond\" style=\"display:none;\">Cancelar resposta<\/a><\/small><\/h3><form action=\"https:\/\/gzs07.zappacorp.com\/wp-comments-post.php\" method=\"post\" id=\"commentform\" class=\"comment-form\" novalidate><p class=\"comment-notes\"><span id=\"email-notes\">O seu endere\u00e7o de e-mail n\u00e3o ser\u00e1 publicado.<\/span> <span class=\"required-field-message\">Campos obrigat\u00f3rios s\u00e3o marcados com <span class=\"required\">*<\/span><\/span><\/p><p class=\"comment-form-comment\"><label for=\"comment\">Coment\u00e1rio <span class=\"required\">*<\/span><\/label> <textarea id=\"comment\" name=\"comment\" cols=\"45\" rows=\"8\" maxlength=\"65525\" required><\/textarea><\/p><p class=\"comment-form-author\"><label for=\"author\">Nome <span class=\"required\">*<\/span><\/label> <input id=\"author\" name=\"author\" type=\"text\" value=\"\" size=\"30\" maxlength=\"245\" autocomplete=\"name\" required \/><\/p>\n<p class=\"comment-form-email\"><label for=\"email\">E-mail <span class=\"required\">*<\/span><\/label> <input id=\"email\" name=\"email\" type=\"email\" value=\"\" size=\"30\" maxlength=\"100\" aria-describedby=\"email-notes\" autocomplete=\"email\" required \/><\/p>\n<p class=\"comment-form-url\"><label for=\"url\">Site<\/label> <input id=\"url\" name=\"url\" type=\"url\" value=\"\" size=\"30\" maxlength=\"200\" autocomplete=\"url\" \/><\/p>\n<p class=\"comment-form-cookies-consent\"><input id=\"wp-comment-cookies-consent\" name=\"wp-comment-cookies-consent\" type=\"checkbox\" value=\"yes\" \/> <label for=\"wp-comment-cookies-consent\">Salvar meus dados neste navegador para a pr\u00f3xima vez que eu comentar.<\/label><\/p>\n<p class=\"form-submit wp-block-button\"><input name=\"submit\" type=\"submit\" id=\"submit\" class=\"wp-block-button__link wp-element-button\" value=\"Publicar coment\u00e1rio\" \/> <input type='hidden' name='comment_post_ID' value='44' id='comment_post_ID' \/>\n<input type='hidden' name='comment_parent' id='comment_parent' value='0' \/>\n<\/p><\/form>\t<\/div><!-- #respond -->\n\t","protected":false},"excerpt":{"rendered":"<p>Galeria C\u00e1ssio Algumas fotos do grande goleiro C\u00e1ssio<\/p>\n","protected":false},"author":1,"featured_media":0,"parent":0,"menu_order":0,"comment_status":"open","ping_status":"closed","template":"","meta":{"footnotes":""},"_links":{"self":[{"href":"https:\/\/gzs07.zappacorp.com\/index.php\/wp-json\/wp\/v2\/pages\/44"}],"collection":[{"href":"https:\/\/gzs07.zappacorp.com\/index.php\/wp-json\/wp\/v2\/pages"}],"about":[{"href":"https:\/\/gzs07.zappacorp.com\/index.php\/wp-json\/wp\/v2\/types\/page"}],"author":[{"embeddable":true,"href":"https:\/\/gzs07.zappacorp.com\/index.php\/wp-json\/wp\/v2\/users\/1"}],"replies":[{"embeddable":true,"href":"https:\/\/gzs07.zappacorp.com\/index.php\/wp-json\/wp\/v2\/comments?post=44"}],"version-history":[{"count":2,"href":"https:\/\/gzs07.zappacorp.com\/index.php\/wp-json\/wp\/v2\/pages\/44\/revisions"}],"predecessor-version":[{"id":68,"href":"https:\/\/gzs07.zappacorp.com\/index.php\/wp-json\/wp\/v2\/pages\/44\/revisions\/68"}],"wp:attachment":[{"href":"https:\/\/gzs07.zappacorp.com\/index.php\/wp-json\/wp\/v2\/media?parent=44"}],"curies":[{"name":"wp","href":"https:\/\/api.w.org\/{rel}","templated":true}]}}